 factor of a and 3213?
119
Suppose 5*u = -4 - 1. Let m be (7 - 8)*2/u. Let a be 3*(3 - 2) + (-1 - -2). What is the highest common divisor of a and m?
2
Let a(c) = -c**2 - 13*c - 9. Let w be a(-9). Let o be (-135)/(-54)*8/3*w. Calculate the highest common factor of 10 and o.
10
Let w = 464 + -398. Suppose 5*h - 13*z + 14*z = 282, h - w = -5*z. What is the highest common divisor of h and 16?
8
Let x(a) = -24 - 6 - 29 + 14*a + 30 - 49. Let l be x(17). Calculate the highest common divisor of l and 80.
80
Suppose 335 = 3*y + z - 1118, 5*y + z = 2421. Suppose 11*o - 10*o + k = 43, -13*k + 31 = o. What is the greatest common factor of y and o?
44
Let j = 348 - 282. Suppose j*k - 21*k - 2160 = 0. What is the highest common factor of 64 and k?
16
Let n be 525*11 - (4 - 4)/3. Let v be n/30*(-10)/(-5). What is the greatest common divisor of 231 and v?
77
Let f = 6377 - 5901. Let a be (1 - -66)*1 - 2/(-2). Calculate the highest common factor of a and f.
68
Suppose -3*w + 4*b = -2*w - 57, -2*w + 141 = b. Let o be (8/(-6))/(w/(-1449)). What is the greatest common divisor of 119 and o?
7
Suppose -5 = -15*d - 3 + 43. What is the highest common divisor of d and 12693?
3
Let o(f) = -f**2 - 13*f + 17. Let a be o(-16). Let h = a - -36. Suppose 3*w + h*w = 56. Calculate the highest common divisor of w and 77.
7
Suppose -2*f + 14 = 3*m, 5*f - 7 = -10*m + 6*m. Let b(c) = -16 + 5 + 7*c - m*c. Let r be b(-17). Calculate the greatest common factor of r and 9.
3
Let j = 10926 - 8946. Calculate the greatest common divisor of 11 and j.
11
Let p(t) = -t + 24. Let h be (-5 - 30/18)*3/(-5). Let a be p(h). Calculate the greatest common factor of 320 and a.
20
Let w = -28 - 178. Let x = w + 251. What is the greatest common factor of 90 and x?
45
Let n(c) = -c**3 - 24*c**2 + 59*c + 206. Let v be n(-26). Calculate the highest common divisor of v and 1068.
12
Suppose 11*l - 480 = -19*l. Suppose 5*y = 2*a + 575, -6 = 2*a - l. Calculate the greatest common divisor of y and 9.
9
Let m = 5 + 4. Let n = -596 - -605. What is the highest common divisor of n and m?
9
Suppose 0 = f - 417 + 427. Let q(y) = -7*y**2 - 79*y + 9. Let l be q(f). Calculate the highest common divisor of 132 and l.
33
Suppose 6*v - 4*i - 26 = 5*v, -2*v = -5*i - 43. Let o be v/35*10/(-4). Let q be (-326)/o - (5 + -3). Calculate the highest common factor of q and 36.
36
Suppose -4*y + 390 = 2*a, -4*a - 378 = -4*y - 2*a. Suppose 138 = -90*d + y*d. Let x = -324 - -577. What is the highest common divisor of x and d?
23
Suppose 4*n - 2*r = 4 + 12, 3*n + 5*r + 1 = 0. Suppose n*s - 104 = q, q + 11 = -s + 43. Calculate the highest common divisor of 221 and s.
17
Suppose -n = 3*f - 196, -5*n + 250 + 710 = -5*f. Let v = n + -116. What is the greatest common factor of v and 63?
7
Let g = 45 - 41. Let l be g/6*(-759)/(-22). Let y be 20*46*2/10. Calculate the greatest common divisor of y and l.
23
Let o be 6/33 + 1*(-8)/44. Let c be (-3)/(15/(-760)) + o. What is the highest common divisor of c and 8?
8
Let z(x) be the first derivative of 9*x**2/2 + 53*x - 54. Let p be z(12). Calculate the highest common factor of 92 and p.
23
Let s be 3 + 155 + (-6 + 12 - -7). Calculate the greatest common factor of s and 6080.
19
Suppose 290 = 16*n + 36*n + 6*n. Calculate the highest common divisor of 343 and n.
1
Let x be ((-54)/(-24) - 2) + 581/28. Suppose -2*h + 3*c + 6 = 0, -16*h + x*h - 15 = -4*c. Let j = 48 + -33. Calculate the highest common divisor of j and h.
3
Let y = -5890 - -6555. What is the greatest common divisor of 76 and y?
19
Let w = -20263 - -20275. Calculate the highest common factor of 28152 and w.
12
Suppose -3785 + 437 = -0*t - 62*t. Let m be 10*2/8*2. Suppose -72 = 3*i - m*i. Calculate the greatest common divisor of t and i.
18
Let c(p) = 2313*p**3 + 4*p**2 + 14*p - 17. Let s be c(1). Calculate the highest common divisor of 178 and s.
178
Let l(u) = 5*u**2 - 27*u - 28. Let r be l(7). What is the greatest common divisor of 7588 and r?
28
Suppose 3*z = -5*f + 45, -f - 4*z + 18 = f. Let q(b) = 24*b**2 + b - 44. Let h be q(6). Let l = 835 - h. Calculate the greatest common divisor of f and l.
9
Let x be 0 - 0 - 1 - 9. Let h be 83/5 + (-4)/x. Suppose -28*s + 77*s - 3332 = 0. What is the greatest common factor of s and h?
17
Let s(v) = 23*v - 9. Let q be s(2). Let g be (74/(-3))/((-124)/24 + 5). Calculate the greatest common factor of q and g.
37
Suppose 5*d - 35 = -m, 3*m - 2*m = -3*d + 25. Suppose -130 - 110 = -m*k. Suppose 9*n - 10*n = -k. Calculate the greatest common factor of n and 60.
12
Suppose 114*n + 34*n = -111*n + 80290. Calculate the greatest common factor of n and 670.
10
Let v = -12410 + 12782. Calculate the highest common factor of v and 6820.
124
Let f(o) = 3*o**3 + o**2 - 3*o - 6. Let j be f(-2). Let a be (96/j)/(((-48)/30)/4). What is the highest common factor of a and 198?
6
Suppose 0 = 20*b + 113 - 2375 + 62. What is the greatest common factor of 130 and b?
10
Let k = -7 + 11. Suppose s = y + 3 - 5, -k*s + y = 2. Suppose -53 = -3*p + 3*n - 8, -3*p + 4*n + 44 = s. What is the highest common factor of 112 and p?
16
Suppose 83*s = -36*s + 10472. What is the greatest common divisor of 64 and s?
8
Let y be 1/(-1*(-6 - 750/(-126))/1). Calculate the highest common divisor of 183 and y.
3
Let y be ((-19)/(-57))/(2/6). Let p be -13 + 17 + 6/y. Let q = 0 + p. Calculate the highest common divisor of q and 50.
10
Let q(v) be the first derivative of -2*v**3/3 + 53*v**2/2 - 45*v + 50. Let g be q(25). Calculate the greatest common factor of 75 and g.
15
Let s be 9*(0 + (-6)/(-6)) + -5. Suppose 2*f + 3*j = 174, -9 = s*j - 1. What is the highest common divisor of 105 and f?
15
Let t = 21052 + -20875. What is the greatest common factor of t and 7729?
59
Suppose 0 = 15*z + 666 - 4191. Let k = z + -215. Calculate the greatest common factor of k and 10.
10
Let h be -2 + -2*4/(-8)*0. Let y(s) = -128*s**3 + s**2 + 3*s + 2. Let l be y(h). What is the greatest common factor of l and 64?
64
Suppose 4*i = 4, 2*h - 5*i - 85 = 4*h. Let a be 12/(-27) - 200/h. Suppose -x + 37 = a*q, 4*q - 5*x - 4 = 51. Calculate the highest common factor of q and 100.
10
Let z(y) = 4*y**2 + 4*y + 11. Let p be z(-4). Suppose 0 = 67*w - p*w - 160. Let k = -276 - -436. What is the highest common factor of k and w?
20
Suppose -46*x = 34*x - 15360. What is the highest common divisor of x and 856?
8
Let z(a) = 4*a + 48. Let h be z(-7). Suppose 2*l - 5*d = h, -16*d - 30 = -4*l - 11*d. What is the greatest common divisor of 115 and l?
5
Let v be (1 - (-24)/(-32))*-16. Let g be 2*231/(-7)*2/v. Calculate the highest common factor of 561 and g.
33
Suppose -3*c + 84 = t, -171*t + 2*c + 168 = -169*t. Calculate the highest common divisor of 492 and t.
12
Suppose -l - s + 368 = 0, 5*s + 32 = 12. Calculate the highest common factor of 1209 and l.
93
Let l = -181 + 19. Let d be 5 - l/(9/3). Suppose -w = -4*j + d, 5*w - 20 = w. What is the greatest common divisor of 32 and j?
16
Suppose -6*f = -8*f + 78. Let h = f - 34. Suppose 0 = 4*j - 3*j - 2, h*j = -4*x + 270. What is the greatest common divisor of x and 13?
13
Let t(s) = -s**2 - 22*s + 337. Let w be t(-20). What is the highest common factor of 261 and w?
29
Let l(u) = -39*u + 250. Let x be l(-46). What is the greatest common factor of x and 14?
14
Let n = -14334 - -14389. Let g = -18 - -9. Let y = g - -20. Calculate the greatest common factor of y and n.
11
Let z(y) = -y**3 + 21*y**2 - y - 28. Let p = -329 + 349. Let x be z(p). What is the greatest common divisor of 22 and x?
22
Let v be 3/(-48) - (-19)/(-304)*-9793. Calculate the greatest common divisor of 72 and v.
36
Suppose 5*o - 26 = -6. Suppose -13*q + o*y - 287 = -14*q, 3*y = -4*q + 1109. Calculate the highest common factor of 165 and q.
55
Let p be (126/10)/(42/4830). Suppose c = -6*c + p. Suppose -35 = -2*g + 11. What is the highest common divisor of c and g?
23
Let y(b) = 6 + 4*b - b + 2. Let s be y(9). Suppose 4*k + 4*p - 167 = -s, p + 107 = 3*k. Calculate the greatest common divisor of k and 70.
35
Let q be 10 - -882*(-8)/(-12) - 8. Calculate the highest common divisor of 767 and q.
59
Suppose -40*t + 19*t = -24*t. Suppose -3*m - 3*h = t, 3*m + 2 - 27 = 2*h. Calculate the highest common factor of m and 15.
5
Let o(p) = 24*p**2 - 17*p + 3. Let m be 